{"id":5126,"date":"2023-04-05T09:18:12","date_gmt":"2023-04-05T09:18:12","guid":{"rendered":"https:\/\/dituria.al\/changing-perceptions-through-literature\/?post_type=product&#038;p=5126"},"modified":"2023-04-05T09:21:15","modified_gmt":"2023-04-05T09:21:15","slug":"gruaja-e-kolonelit","status":"publish","type":"product","link":"https:\/\/dituria.al\/changing-perceptions-through-literature\/product\/gruaja-e-kolonelit\/","title":{"rendered":"GRUAJA E KOLONELIT"},"content":{"rendered":"","protected":false},"excerpt":{"rendered":"<p>Autor: Rosa Liksom<br \/>\nP\u00ebrkthyes: Kujtim Ymeri<br \/>\nNumri i faqeve: 184<br \/>\n\u00c7mimi: 800 lek\u00eb<\/p>\n<p>Laponi, nat\u00eb. Para oxhakut, nj\u00eb grua rip\u00ebrshkon me mendje jet\u00ebn e vet t\u00eb gjat\u00eb: historin\u00eb e dhimbshme t\u00eb dashuris\u00eb, q\u00eb ka n\u00eb sfond faqet e err\u00ebta t\u00eb historis\u00eb s\u00eb gjysm\u00ebs s\u00eb par\u00eb t\u00eb shekullit XX, ato t\u00eb nj\u00eb Finlande t\u00eb shtrydhur midis Rusis\u00eb dhe Gjermanis\u00eb; frym\u00ebzimin nacionalist e antikomunist t\u00eb \u201ct\u00eb Bardh\u00ebve\u201d, me t\u00eb cilin u ushqye n\u00eb familje, n\u00eb vitet 1910, nd\u00ebrkoh\u00eb q\u00eb n\u00eb kampet verore t\u00eb vullnetar\u00ebve p\u00ebr atdheun merrte leksione sho-viniste e maskiliste; dhe pastaj\u2026 infektimin nga nazizmi. M\u00eb pas, nuk qe e v\u00ebshtir\u00eb p\u00ebr t\u00eb, t\u00eb gjente mish\u00ebrimin erotik dhe sentimental te koloneli i pasur, i fuqish\u00ebm e autoritar, shum\u00eb m\u00eb i madh se ajo, nj\u00eb i njohur i t\u00eb atit n\u00eb Gjermani, kur st\u00ebrviteshin p\u00ebr t\u00eb luftuar rus\u00ebt. Z\u00ebrat p\u00ebr abuzime e p\u00ebrdhunime q\u00eb shoq\u00ebrojn\u00eb figur\u00ebn e kolonelit, nuk e ndalin. Si krijes\u00eb e eg\u00ebr e k\u00ebnetave t\u00eb Laponis\u00eb, \u00ebsht\u00eb e lumtur t\u00eb l\u00ebshohet n\u00eb dehjen e dashuris\u00eb dhe erosin e vet jetik. Fejesa e gjat\u00eb \u00ebsht\u00eb kulmi euforik i nj\u00eb absurdi, q\u00eb do t\u00eb b\u00ebhet hi e pluhur pas martes\u00ebs. Ritreguar me sinqeritetin e vrazhd\u00eb, t\u00eb sakt\u00eb e shqet\u00ebsues t\u00eb nj\u00eb gruaje tashm\u00eb t\u00eb moshuar, q\u00eb e ka gjetur m\u00eb n\u00eb fund lirin\u00eb, rrug\u00ebtimi i saj personal p\u00ebrfshin figura e fakte historike t\u00eb tri luft\u00ebrave finlandeze, por edhe t\u00eb Luft\u00ebs s\u00eb Dyt\u00eb Bot\u00ebrore: ushtarak\u00eb, intelektual\u00eb gjermanofil\u00eb, Himleri e vet\u00eb Hitleri, tmerret n\u00eb kampet e p\u00ebrqendrimit dhe n\u00eb Polonin\u00eb e pushtuar m\u00eb 1939. E keqja parakalon para syve t\u00eb saj naiv\u00eb t\u00eb s\u00eb kaluar\u00ebs dhe na vjen ashtu si\u00e7 ka ndodhur, e p\u00ebrshkruar nga nj\u00eb grua q\u00eb po p\u00ebrpiqet t\u00eb kuptoj\u00eb plag\u00ebt e saj dhe ato t\u00eb nj\u00eb kombi.<\/p>\n","protected":false},"featured_media":5130,"template":"","meta":{"_acf_changed":false},"product_brand":[],"product_cat":[24],"product_tag":[],"class_list":{"0":"post-5126","1":"product","2":"type-product","3":"status-publish","4":"has-post-thumbnail","6":"book_author-rosa-liksom","7":"product_cat-librat","9":"first","10":"instock","11":"shipping-taxable","12":"product-type-simple"},"acf":[],"_links":{"self":[{"href":"https:\/\/dituria.al\/changing-perceptions-through-literature\/wp-json\/wp\/v2\/product\/5126","targetHints":{"allow":["GET"]}}],"collection":[{"href":"https:\/\/dituria.al\/changing-perceptions-through-literature\/wp-json\/wp\/v2\/product"}],"about":[{"href":"https:\/\/dituria.al\/changing-perceptions-through-literature\/wp-json\/wp\/v2\/types\/product"}],"wp:featuredmedia":[{"embeddable":true,"href":"https:\/\/dituria.al\/changing-perceptions-through-literature\/wp-json\/wp\/v2\/media\/5130"}],"wp:attachment":[{"href":"https:\/\/dituria.al\/changing-perceptions-through-literature\/wp-json\/wp\/v2\/media?parent=5126"}],"wp:term":[{"taxonomy":"product_brand","embeddable":true,"href":"https:\/\/dituria.al\/changing-perceptions-through-literature\/wp-json\/wp\/v2\/product_brand?post=5126"},{"taxonomy":"product_cat","embeddable":true,"href":"https:\/\/dituria.al\/changing-perceptions-through-literature\/wp-json\/wp\/v2\/product_cat?post=5126"},{"taxonomy":"product_tag","embeddable":true,"href":"https:\/\/dituria.al\/changing-perceptions-through-literature\/wp-json\/wp\/v2\/product_tag?post=5126"}],"curies":[{"name":"wp","href":"https:\/\/api.w.org\/{rel}","templated":true}]}}