{"id":5297,"date":"2023-05-03T09:50:06","date_gmt":"2023-05-03T09:50:06","guid":{"rendered":"https:\/\/dituria.al\/changing-perceptions-through-literature\/?post_type=product&#038;p=5297"},"modified":"2023-05-03T10:03:29","modified_gmt":"2023-05-03T10:03:29","slug":"katitzi-ne-gropen-e-gjarperinjve","status":"publish","type":"product","link":"https:\/\/dituria.al\/changing-perceptions-through-literature\/product\/katitzi-ne-gropen-e-gjarperinjve\/","title":{"rendered":"KATITZI N\u00cb GROP\u00cbN E GJARP\u00cbRINJVE"},"content":{"rendered":"","protected":false},"excerpt":{"rendered":"<p>Katarina Taikon<br \/>\nP\u00ebrktheu: Sokol Demaku<br \/>\n104 faqe<br \/>\n600 lek\u00eb<\/p>\n<p>Katitzi \u00ebsht\u00eb gati n\u00ebnt\u00eb vje\u00e7e. Motra e saj Roza sapo \u00ebsht\u00eb martuar dhe ka shkuar t\u00eb jetoj\u00eb n\u00eb familjen e saj t\u00eb re, ndaj Katitzi ndihet shum\u00eb e vetmuar. Familja e saj e madhe jeton ende n\u00eb Norrland dhe babai, bashk\u00eb me v\u00ebllain m\u00eb t\u00eb madh Polin, punon n\u00eb pyll. Dhe, teksa shkon nj\u00eb dit\u00eb p\u00ebr t\u2019i ndihmuar, Katitzi bie n\u00eb nj\u00eb grop\u00eb plot me gjarp\u00ebrinj. Por, mos u shqet\u00ebsoni! Gjith\u00e7ka shkon p\u00ebr bukuri, Katitzin nuk e kafshojn\u00eb gjarp\u00ebrinjt\u00eb, sepse, si\u00e7 thot\u00eb babai Taikon, \u201cduhet t\u00eb ket\u00eb lindur me k\u00ebmish\u00eb\u201d. Megjithat\u00eb, i frik\u00ebsuar, babai e sheh k\u00ebt\u00eb ndodhi si nj\u00eb ogur t\u00eb keq dhe ka frik\u00eb se mund t\u2019i d\u00ebbojn\u00eb nga Suedia. K\u00ebshtu, me ngut, vendos q\u00eb me gjith\u00eb familjen t\u00eb shp\u00ebrngulen p\u00ebr t\u00eb banuar diku tjet\u00ebr. Kur mb\u00ebrrijn\u00eb af\u00ebr Stokholmit, gjejn\u00eb nj\u00eb vend t\u00eb p\u00ebrshtatsh\u00ebm p\u00ebr t\u00eb ngritur \u00e7adrat. E, pavar\u00ebsisht prej mallit dhe lodhjes, transferimi sjell edhe di\u00e7ka t\u00eb mir\u00eb: Katitzi krijon menj\u00ebher\u00eb shok\u00eb e miq t\u00eb rinj mes fqinj\u00ebve: Semin, q\u00eb e ndihmon t\u00eb mbaj\u00eb ujin, dhe zonj\u00ebn e mir\u00eb Saga, q\u00eb ia del t\u2019i regjistroj\u00eb n\u00eb shkoll\u00eb at\u00eb dhe Len\u00ebn.<br \/>\nPlot aventura t\u00eb reja e presin vog\u00eblushen Katitzi!<\/p>\n","protected":false},"featured_media":5298,"template":"","meta":{"_acf_changed":false},"product_brand":[],"product_cat":[24],"product_tag":[],"class_list":{"0":"post-5297","1":"product","2":"type-product","3":"status-publish","4":"has-post-thumbnail","6":"book_author-katarina-taikon","7":"product_cat-librat","9":"first","10":"instock","11":"shipping-taxable","12":"product-type-simple"},"acf":[],"_links":{"self":[{"href":"https:\/\/dituria.al\/changing-perceptions-through-literature\/wp-json\/wp\/v2\/product\/5297","targetHints":{"allow":["GET"]}}],"collection":[{"href":"https:\/\/dituria.al\/changing-perceptions-through-literature\/wp-json\/wp\/v2\/product"}],"about":[{"href":"https:\/\/dituria.al\/changing-perceptions-through-literature\/wp-json\/wp\/v2\/types\/product"}],"wp:featuredmedia":[{"embeddable":true,"href":"https:\/\/dituria.al\/changing-perceptions-through-literature\/wp-json\/wp\/v2\/media\/5298"}],"wp:attachment":[{"href":"https:\/\/dituria.al\/changing-perceptions-through-literature\/wp-json\/wp\/v2\/media?parent=5297"}],"wp:term":[{"taxonomy":"product_brand","embeddable":true,"href":"https:\/\/dituria.al\/changing-perceptions-through-literature\/wp-json\/wp\/v2\/product_brand?post=5297"},{"taxonomy":"product_cat","embeddable":true,"href":"https:\/\/dituria.al\/changing-perceptions-through-literature\/wp-json\/wp\/v2\/product_cat?post=5297"},{"taxonomy":"product_tag","embeddable":true,"href":"https:\/\/dituria.al\/changing-perceptions-through-literature\/wp-json\/wp\/v2\/product_tag?post=5297"}],"curies":[{"name":"wp","href":"https:\/\/api.w.org\/{rel}","templated":true}]}}