{"id":201,"date":"2019-05-14T16:20:56","date_gmt":"2019-05-14T16:20:56","guid":{"rendered":"http:\/\/dituria.al\/stories-of-human-fate\/?post_type=product&#038;p=201"},"modified":"2019-05-18T13:51:20","modified_gmt":"2019-05-18T13:51:20","slug":"shtepia-ne-udhekryq","status":"publish","type":"product","link":"https:\/\/dituria.al\/stories-of-human-fate\/product\/shtepia-ne-udhekryq\/","title":{"rendered":"Sht\u00ebpia n\u00eb udh\u00ebkryq"},"content":{"rendered":"","protected":false},"excerpt":{"rendered":"<p>Vassilikos<br \/>\nP\u00ebrktheu Kleo Lati<br \/>\n164 faqe<br \/>\n700 lek\u00eb<\/p>\n<p>&#8220;Sht\u00ebpia n\u00eb udh\u00ebkryq&#8221; e Vassilis Vassilikos, shkrimtar bashk\u00ebkohor grek, \u00ebsht\u00eb nj\u00eb roman erotik, plot sensualitet dhe seksualitet. Vepra sjell atmosfer\u00ebn e jet\u00ebs rinore dhe t\u00eb qarqeve t\u00eb artist\u00ebve grek\u00eb t\u00eb fundviteve \u201850, p\u00ebrshkruan ambicie t\u00eb zhg\u00ebnjyera dhe \u00ebndrra t\u00eb parealizuara, q\u00eb, pa dyshim, sh\u00ebnjojn\u00eb karakterin dhe jet\u00ebn e personazheve kryesore.<br \/>\nKjo nuk \u00ebsht\u00eb vet\u00ebm nj\u00eb histori dashurie mes Janit student dhe Magd\u00ebs, gruas s\u00eb muzikantit Jakov. \u00cbsht\u00eb shum\u00eb m\u00eb tep\u00ebr sesa thjesht pasion, mbushur me fiksime dhe afshe t\u00eb tepruara, gati patologjike. Ata e duan nj\u00ebri-tjetrin, nuk b\u00ebjn\u00eb dot pa nj\u00ebri-tjetrin, ndahen e kthehen s\u00eb bashku n\u00ebn ethet e dashuris\u00eb dhe seksit t\u00eb shfrenuar. Gjat\u00eb rr\u00ebfimit mjesht\u00ebror, mbushur me erotiz\u00ebm q\u00eb ndihet p\u00ebrmes atmosfer\u00ebs s\u00eb ngjarjeve dhe m\u00eb gjer\u00eb, n\u00eb sht\u00ebpin\u00eb e Jakovit duket sikur t\u00eb gjitha personazhet jan\u00eb, kush m\u00eb pak e kush m\u00eb shum\u00eb, t\u00eb p\u00ebrfshira n\u00eb marr\u00ebdh\u00ebnie sekrete apo joshje, q\u00eb deformojn\u00eb raportet e tyre intime, por n\u00eb t\u00eb nj\u00ebjt\u00ebn koh\u00eb i shtyjn\u00eb ato t\u00eb k\u00ebrkojn\u00eb k\u00ebnaq\u00ebsi t\u00eb reja, edhe pse me dhembje. N\u00eb k\u00ebt\u00eb roman del qart\u00eb atmosfera e shfrenuar e Athin\u00ebs s\u00eb mesit t\u00eb shekullit XX, ajo atmosfer\u00eb q\u00eb sundonte edhe n\u00eb Europ\u00eb, n\u00eb k\u00ebrkim t\u00eb liris\u00eb s\u00eb pakufishme.<br \/>\nI vler\u00ebsuar p\u00ebr portretizimin mjesht\u00ebror t\u00eb personazheve, Sht\u00ebpia n\u00eb udh\u00ebkryq, romani q\u00eb sh\u00ebnoi maj\u00ebn n\u00eb krijimtarin\u00eb letrare t\u00eb Vassilis Vassilikos, \u00ebsht\u00eb p\u00ebrkthyer n\u00eb 40 gjuh\u00eb dhe ka fituar \u00c7mimin Shtet\u00ebror p\u00ebr Proz\u00ebn e Shkurt\u00ebr m\u00eb 1980, si dhe shum\u00eb \u00e7mime t\u00eb r\u00ebnd\u00ebsishme letrare.<\/p>\n","protected":false},"featured_media":204,"template":"","meta":{"_acf_changed":false},"product_brand":[],"product_cat":[24],"product_tag":[],"class_list":{"0":"post-201","1":"product","2":"type-product","3":"status-publish","4":"has-post-thumbnail","6":"book_author-vassilis-vassilikos","7":"perkthyesi-kleo-lati","8":"product_cat-librat","10":"first","11":"instock","12":"shipping-taxable","13":"product-type-simple"},"acf":[],"_links":{"self":[{"href":"https:\/\/dituria.al\/stories-of-human-fate\/wp-json\/wp\/v2\/product\/201","targetHints":{"allow":["GET"]}}],"collection":[{"href":"https:\/\/dituria.al\/stories-of-human-fate\/wp-json\/wp\/v2\/product"}],"about":[{"href":"https:\/\/dituria.al\/stories-of-human-fate\/wp-json\/wp\/v2\/types\/product"}],"wp:featuredmedia":[{"embeddable":true,"href":"https:\/\/dituria.al\/stories-of-human-fate\/wp-json\/wp\/v2\/media\/204"}],"wp:attachment":[{"href":"https:\/\/dituria.al\/stories-of-human-fate\/wp-json\/wp\/v2\/media?parent=201"}],"wp:term":[{"taxonomy":"product_brand","embeddable":true,"href":"https:\/\/dituria.al\/stories-of-human-fate\/wp-json\/wp\/v2\/product_brand?post=201"},{"taxonomy":"product_cat","embeddable":true,"href":"https:\/\/dituria.al\/stories-of-human-fate\/wp-json\/wp\/v2\/product_cat?post=201"},{"taxonomy":"product_tag","embeddable":true,"href":"https:\/\/dituria.al\/stories-of-human-fate\/wp-json\/wp\/v2\/product_tag?post=201"}],"curies":[{"name":"wp","href":"https:\/\/api.w.org\/{rel}","templated":true}]}}